 -373. List the prime factors of r.
2, 3, 5
Let c(j) = j**3 - j**2 - 4*j + 1. Let i(d) = -d**2 + 7*d + 11. Let s be i(8). Let v be c(s). Suppose -64 + v = -3*k. List the prime factors of k.
19
Let j = 87 - 58. Let d(n) = n + 5. Let f be d(-5). Suppose 2*q - 19 - j = f. What are the prime factors of q?
2, 3
Let g(u) = 3*u**2 - 10*u + 1887. List the prime factors of g(0).
3, 17, 37
Suppose 194 + 134 = 5*g + 2*a, -g + a + 67 = 0. Let p = 96 - g. What are the prime factors of p?
2, 3, 5
Let v(u) be the first derivative of -1 + 44*u - 10*u**2 - 11*u**2 + 22*u**2. List the prime factors of v(0).
2, 11
What are the prime factors of ((-28)/(-10))/((-2)/(-2685))?
3, 7, 179
Let r = 2583 - 1333. What are the prime factors of r?
2, 5
Let t(y) be the second derivative of 1/3*y**4 + 0*y**3 + y + 7/2*y**2 + 0. List the prime factors of t(3).
43
Let x(s) = 73*s + 1112. What are the prime factors of x(64)?
2, 3, 241
Suppose -3*i + 6*i - 270 = 0. Suppose -15*a - i = -17*a. List the prime factors of a.
3, 5
Let d(t) = 1032*t - 114. List the prime factors of d(1).
2, 3, 17
What are the prime factors of (-3956)/(-6) - (-82)/123?
2, 3, 5, 11
Let s = -290 + 3396. List the prime factors of s.
2, 1553
Let s(z) = -z - 8. Let c be s(-8). Suppose c = 3*q - 44 + 2. List the prime factors of q.
2, 7
What are the prime factors of ((-21)/(-24))/((-14)/(-56))*214?
7, 107
Let s = -242 - -351. Let q = 22 + s. What are the prime factors of q?
131
Let u(s) = 30*s**3 - 4*s - 5*s + 7*s**2 - 29*s**3 + 0*s + 8. List the prime factors of u(5).
263
Let f(i) = 3*i**2 - 2*i + 11. Let z be 20/6 - (-2 - 8/(-6)). What are the prime factors of f(z)?
3, 17
Suppose 0 = -20*q - 1368 + 26908. What are the prime factors of q?
1277
Suppose -3*z + 4*n = -5*z + 4, -z - 4*n + 2 = 0. Suppose z*b - 2 = 4. What are the prime factors of b?
3
Let k be (-1)/(-3) + 126/27. Suppose 3*n + 3*h = 21, k*h - 15 = -2*n + 8. Suppose 0 = -4*w + t + 38 + 45, 48 = 3*w + n*t. What are the prime factors of w?
2, 5
Let r(o) = o + 13. Let k be r(-9). Suppose -k*m - 5*p = 126 - 642, 3*m - p - 406 = 0. What are the prime factors of m?
2, 67
Suppose 4*i - i - 276 = 0. Let t = 133 - i. What are the prime factors of t?
41
Let y = 5 - 3. Suppose -g + 5 = -2*g. What are the prime factors of g/((-9)/(-5) - y)?
5
Let h(r) = -2*r**3 - r**2 + 4*r + 5. Suppose 2*m + 2*x = -0*x - 14, -x + 5 = -3*m. List the prime factors of h(m).
2, 19
Let y = 47 + -119. Let b be 3/(-2 + 291/150). Let m = b - y. What are the prime factors of m?
2, 11
Suppose -12 = 2*k + 2*k. Let u = k - -24. List the prime factors of ((-6)/u)/((-8)/1624).
2, 29
Suppose 0 = -d - 5*q + 1107, 2*d - 3*q = -7*q + 2244. List the prime factors of d.
2, 283
Let l(n) = -n**3 - 17*n**2 + 18*n + 22. Let d be l(-18). Let h = d - -8. List the prime factors of h.
2, 3, 5
Suppose 4*x + 2*c - 740 = 2*x, 2*x - 2*c = 744. What are the prime factors of x?
7, 53
Let c(j) = 155*j + 5. Let u be c(2). What are the prime factors of u/49 + (-3)/7?
2, 3
List the prime factors of (-72)/(-48)*30/9 + 654.
659
Suppose -7*w + 5*w + 2*u = -4, 5*w + 5*u - 30 = 0. Suppose w*i + 864 = 8*i. List the prime factors of i.
2, 3
Let s be 2/(-8) - (-10)/8. What are the prime factors of -6 + s + 1 - (-300)/1?
2, 37
Suppose -5*j = -4*o - 115, -2*j + 69 = -2*o + 23. Let w = 30 - j. Suppose -5*m = 4*a - 9, 0 = 3*a - w*a - 2*m + 18. List the prime factors of a.
2, 3
Let c(r) = 4*r**2 - 4*r - 2. Let t be c(6). Suppose -t = 80*y - 81*y. What are the prime factors of y?
2, 59
Let y(v) = v**2 + 13*v + 7. Let k be y(-12). What are the prime factors of 47 + 4/(1 + k)?
2, 23
Let w = -417 - -795. What are the prime factors of w?
2, 3, 7
What are the prime factors of (-2 - (-1107)/5) + 10/(-25)?
3, 73
List the prime factors of (303 - 0)*4/3 + 5.
409
Let z(n) = -n**2 + 3*n. Let x be z(3). Suppose 3*a + 3*s + 2*s - 267 = x, 5*a - 4*s - 408 = 0. What are the prime factors of a?
2, 3, 7
Suppose 0 = 5*f + 3*n - 7 - 0, 4*f = n + 9. Suppose -3*j = -4*j + f. List the prime factors of (j + -3)/((-2)/54).
3
Let k(y) = -2*y**2 - 10*y + 12. Let l be k(-6). Let b = -55 - -195. Suppose -6*x + 2*x + b = l. List the prime factors of x.
5, 7
Let z(h) = -97*h + 39. What are the prime factors of z(-4)?
7, 61
Suppose 23*a - 19*a + 4*b - 16280 = 0, -5*b = 2*a - 8128. List the prime factors of a.
2, 3, 7, 97
Suppose 2*i - 10277 = -3*g, -10253 = -3*g - 0*i + 4*i. What are the prime factors of g?
3, 7, 163
Suppose 0 = -3*g - 2*h + 19453, 179*h = -5*g + 177*h + 32415. List the prime factors of g.
6481
Suppose -4*c - 133 = -0*c + i, -135 = 5*c - 5*i. Let k = c + 181. What are the prime factors of k?
149
Suppose 3*o = -4*l + 50, -5*l = -1 + 6. Suppose -4*k + 2*b = -0*b - 30, 5*k + 5*b = 75. Let c = o - k. What are the prime factors of c?
2
Let d = -3653 + 5275. List the prime factors of d.
2, 811
Suppose 0 = -c + 2, 0 = -5*o + c - 0*c + 38. Suppose -3*l + o*l = 260. List the prime factors of l.
2, 13
Suppose 4*j + 7 = 39. List the prime factors of 3/(-12) - (-426)/j.
53
Let h = -150 - -39. Let c = 170 + h. List the prime factors of c.
59
Suppose k = -2*o + 15, -3*k = 4*o - 7*k. Let b(w) be the first derivative of w**2/2 - 1. What are the prime factors of b(o)?
5
Let o(t) = -2*t**3 - 9*t**2 - 4*t - 3. Let p = 30 - 36. What are the prime factors of o(p)?
3, 43
Let q = -1871 + 3534. List the prime factors of q.
1663
Let u be 5 - (-1 - -2 - -3). What are the prime factors of 13*(u/(-3) - 0)*-12?
2, 13
Suppose -11*v - 48 = -15*v. Suppose 5*s - v = 8*s, 96 = u - s. List the prime factors of u.
2, 23
Let d be (-1 + 0)*(12/4 - -4). What are the prime factors of 0 + 182*((-14)/4)/d?
7, 13
Suppose 0 = 189*v - 186*v - 447. List the prime factors of v.
149
Let a(n) = 12*n**2 - 10*n + 70. List the prime factors of a(-9).
2, 283
Suppose v = -2*v + v. Suppose -p + 3*p - 368 = v. List the prime factors of p.
2, 23
Let d(z) = 26*z**3 - 1. Let i be d(-1). Let w = i + 155. What are the prime factors of w?
2
Suppose 0 = 148*n - 138*n - 41120. What are the prime factors of n?
2, 257
Suppose 0 = k - j - 1149, -k - 3*j = 3*k - 4561. What are the prime factors of k?
2, 11, 13
Suppose -3*g = 17*g - 13600. What are the prime factors of g?
2, 5, 17
Suppose -52*u - 5*u = -364971. List the prime factors of u.
19, 337
Suppose 4*c - p - 15686 = 0, -4*c + 4*p + 10390 = -5290. List the prime factors of c.
2, 37, 53
Suppose -229*i + 190*i = -33579. List the prime factors of i.
3, 7, 41
Let i(j) = 2*j**2 + 4*j - 3. Let u be i(4). Suppose 7*q + 3 = u. List the prime factors of q.
2, 3
Let u(n) = -4*n**3 - 40*n**2 + 25*n + 19. List the prime factors of u(-11).
2, 3, 19
Let j be 4/6*(-1 + 4). Suppose 4*g = j*g + 4. Let i(a) = 13*a + 2. What are the prime factors of i(g)?
2, 7
List the prime factors of ((-332)/10)/(86/(-4945)).
23, 83
Let s(w) = -9*w - 7. Let c be s(-7). Suppose -5*h + 84 = -c. Suppose -2*l = -h - 8. List the prime factors of l.
2, 3
Let r be (-26)/(-6) + (-26)/(-39). Suppose -3*w - 24 = -3*x, -r*x + 3*w + 32 = -0*x. Suppose x*o = 3*o + 16. List the prime factors of o.
2
Suppose k = -1 + 3, u + 2*k - 268 = 0. What are the prime factors of u?
2, 3, 11
Let a(r) = -320*r - 19. What are the prime factors of a(-2)?
3, 23
Suppose -483 - 637 = -14*x. Let m = -52 + x. List the prime factors of m.
2, 7
Suppose -6*h - 9 = -21. Let b(q) = q + 4. Let w(m) = -m - 4. Let p(x) = 5*b(x) + 4*w(x). List the prime factors of p(h).
2, 3
Suppose -6027*h = -6033*h + 4290. What are the prime factors of h?
5, 11, 13
Suppose 3*t = -7*t. Suppose t = 3*q - 0*q + 3*i - 312, q - 2*i - 104 = 0. What are the prime factors of q?
2, 13
Let u(z) = z**3 - 10*z**2 + 2*z - 5. Let k(o) = -2*o**3 - 2*o**2 - 4*o - 5. Let h be k(-2). List the prime factors of u(h).
2, 3, 23
Suppose 2*i + 2*b - 1486 - 4184 = 0, -4*i - 2*b = -11336. What are the prime factors of i?
2833
Let z(l) = l - 4. Let c be z(8). Suppose 5*a - 50 = 5*b, 4*a - 9*a = -4*b - 45. Suppose 4*r - 112 = c*k, 5*k + 131 = a*r + 3*k. What are the prime factors of r?
5
Let f(b) = 17*b**2 + 18*b + 1. Let q(o) = 6*o**2 + 6*o. Let u(k) = 4*f(k) - 11*q(k). List the prime factors of u(-10).
2, 3
Let t be (6/(-8))/(1/(-48)). Suppose -2*a - 14 = -t. Suppose 4*p = -a + 31. List the prime factors of p.
5
Suppose -4*l = 4*r - 7796 - 732, -2*r = -4*l + 8504.